{"id":1973,"date":"2023-10-18T10:29:14","date_gmt":"2023-10-18T10:29:14","guid":{"rendered":"https:\/\/www.simbioseproxectos.gal\/aviso-legal-e-politica-de-privacidade\/"},"modified":"2026-01-26T09:28:57","modified_gmt":"2026-01-26T09:28:57","slug":"aviso-legal-e-politica-de-privacidade","status":"publish","type":"page","link":"https:\/\/www.simbioseproxectos.gal\/es\/aviso-legal-e-politica-de-privacidade\/","title":{"rendered":"Aviso legal y pol\u00edtica de privacidad"},"content":{"rendered":"\t\t<div data-elementor-type=\"wp-page\" data-elementor-id=\"1973\" class=\"elementor elementor-1973 elementor-1959\" data-elementor-post-type=\"page\">\n\t\t\t\t\t\t<section class=\"elementor-section elementor-top-section elementor-element elementor-element-d76c20c elementor-section-full_width elementor-section-height-min-height elementor-section-height-default elementor-section-items-middle\" data-id=\"d76c20c\" data-element_type=\"section\" data-e-type=\"section\">\n\t\t\t\t\t\t\t<div class=\"elementor-background-overlay\"><\/div>\n\t\t\t\t\t\t\t<div class=\"elementor-container elementor-column-gap-default\">\n\t\t\t\t\t<div class=\"elementor-column elementor-col-100 elementor-top-column elementor-element elementor-element-84f8978\" data-id=\"84f8978\" data-element_type=\"column\" data-e-type=\"column\">\n\t\t\t<div class=\"elementor-widget-wrap\">\n\t\t\t\t\t\t\t<\/div>\n\t\t<\/div>\n\t\t\t\t\t<\/div>\n\t\t<\/section>\n\t\t\t\t<section class=\"elementor-section elementor-top-section elementor-element elementor-element-ed87721 elementor-section-boxed elementor-section-height-default elementor-section-height-default\" data-id=\"ed87721\" data-element_type=\"section\" data-e-type=\"section\">\n\t\t\t\t\t\t<div class=\"elementor-container elementor-column-gap-default\">\n\t\t\t\t\t<div class=\"elementor-column elementor-col-100 elementor-top-column elementor-element elementor-element-eb7b03c\" data-id=\"eb7b03c\" data-element_type=\"column\" data-e-type=\"column\">\n\t\t\t<div class=\"elementor-widget-wrap elementor-element-populated\">\n\t\t\t\t\t\t<div class=\"elementor-element elementor-element-0579d8c elementor-widget elementor-widget-text-editor\" data-id=\"0579d8c\" data-element_type=\"widget\" data-e-type=\"widget\" data-widget_type=\"text-editor.default\">\n\t\t\t\t<div class=\"elementor-widget-container\">\n\t\t\t\t\t\t\t\t\t<p> <\/p><p><strong>1 . Aviso Legal<\/strong><\/p><p> <\/p><p><strong>INFORMACI\u00d3N DEL TITULAR<\/strong><\/p><p> <\/p><ul><li style=\"list-style-type: none;\"><ul><li>Nombre Comercial: SIMBIOSE PROXECTOS S.L.<\/li><li>CIF: B16360455<\/li><li>Domicilio: As Neves, Pontevedra<\/li><li>Tel\u00e9fono: 646076287<\/li><li>Email: simbiose.info@gmail.com<\/li><\/ul><\/li><\/ul><p><br><br><\/p><p><strong>CONDICIONES DE USO<\/strong><\/p><p>Javier Gac\u00edas Pedros, responsable del sitio web, pone a disposici\u00f3n de los usuarios el presente documento con el que pretende dar cumplimiento a las obligaciones dispuestas en la Ley 34\/2002, de Servicios de la Sociedad de la Informaci\u00f3n y del Comercio Electr\u00f3nico (LSSI-CE), as\u00ed como informar a todos los usuarios del sitio web respecto a cu\u00e1les son las condiciones de uso del sitio web.<\/p><p>Toda persona que acceda a este sitio web asume el papel de usuario, comprometi\u00e9ndose a la observancia y cumplimiento riguroso de las disposiciones aqu\u00ed incluidas, as\u00ed como a cualquier otra disposici\u00f3n legal que fuera de aplicaci\u00f3n.<\/p><p>El usuario se compromete a hacer un uso adecuado de los contenidos y servicios que se ofrecen en el sitio web, y con car\u00e1cter informativo pero no limitativo, a no emplearlos para: i)Incurrir en actividades il\u00edcitas, ilegales o contrarias al orden p\u00fablico, ii) difundir contenidos de car\u00e1cter racista, xen\u00f3fobo, pornogr\u00e1fico, de apolog\u00eda del terrorismo o atentatorio contra los derechos humanos, iii) provocar da\u00f1os f\u00edsicos o l\u00f3gicos en el sitio web, el de sus proveedores, o de terceras personas, iv)intentar acceder y en su caso, manipular, a cuentas de correo o zonas de administraci\u00f3n sin autorizaci\u00f3n expresa.<\/p><p>Queda expresamente prohibida la reproducci\u00f3n, distribuci\u00f3n y comunicaci\u00f3n p\u00fablica, de forma total o parcial, de los contenidos de este sitio web, sin autorizaci\u00f3n expresa del titular.<\/p><p>El titular se reserva el derecho a modificar cualquier tipo de informaci\u00f3n que pudiera aparecer en el sitio web, sin que exista obligaci\u00f3n de preavisar o poner en conocimiento de los usuarios dichas obligaciones, entendi\u00e9ndose como suficiente con la publicaci\u00f3n en el sitio web del titular.<\/p><p>Las condiciones de uso del sitio, as\u00ed como lo contenido en el aviso legal, se rigen conforme a la legislaci\u00f3n espa\u00f1ola. El usuario se somete a la resoluci\u00f3n de cualquier litigio ante los Juzgados y Tribunales de Lugo.<\/p><p> <\/p><p><strong>LIMITACIONES DE RESPONSABILIDAD<\/strong><\/p><p>El titular no se hace responsable del contenido de los sitios correspondientes a los enlaces externos incluidos en el sitio web.<\/p><p>El titular no se hace responsable ante la posible ca\u00edda del servidor, virus, o cualquier tipo de mal funcionamiento del sitio por causas ajenas al titular.<\/p><p>El titular no se hace responsable del uso fraudulento que puedan hacer terceras personas de los contenidos o elementos tecnol\u00f3gicos dispuestos en el sitio web.<\/p><p> <\/p><ol start=\"2\"><li><strong> Pol\u00edtica de privacidad<\/strong><\/li><\/ol><p>De conformidad con la normativa vigente en cuanto a Protecci\u00f3n de Datos Personales, Javier Gac\u00edas Pedros \u00fanicamente registra aquellos datos personales que hayan sido libremente facilitados por el usuario, incorpor\u00e1ndolos a su base de datos con la finalidad de contestar a la consulta y\/o prestar el servicio solicitado por el propio usuario, como la petici\u00f3n de un presupuesto. Cualquier usuario, al objeto de poder realizar pedidos de bienes o servicios o solicitar un trabajo o presupuesto, puede optar por registrarse y proporcionarnos sus datos personales. En el supuesto que un usuario introduzca sus datos personales, estos \u00fanicamente ser\u00e1n tratados para el fin para el que hayan sido proporcionados, de acuerdo con las exigencias de la legislaci\u00f3n espa\u00f1ola sobre Protecci\u00f3n de Datos vigente en cada momento. En cualquier momento, el usuario podr\u00e1 ejercitar sus derechos (Acceso, Rectificaci\u00f3n, Supresi\u00f3n \/ derecho al olvido, Limitaci\u00f3n del tratamiento, Portabilidad de datos, y Oposici\u00f3n) enviando una solicitud escrita y firmada, en la que se incluya su nombre, apellidos y copia de D.N.I., con las instrucciones precisas a tal efecto. En este caso se tomar\u00e1n todas aquellas medidas que sean necesarias para asegurar que esta solicitud sea tramitada inmediatamente. Si usted tiene dudas sobre alguna de estas condiciones o bien quiere ejercitar sus derechos, puede ponerse en contacto con nosotros en nuestra direcci\u00f3n postal. Sus datos en ning\u00fan caso ser\u00e1n cedidos a terceros sin su consentimiento previo. El plazo de conservaci\u00f3n de sus datos en nuestros ficheros ser\u00e1 hasta que finalice nuestra relaci\u00f3n contractual o ejercite sus derechos, excepto en el caso de conservaci\u00f3n por obligaci\u00f3n legal.<\/p><p> <\/p><p><strong>INFORMACI\u00d3N B\u00c1SICA Y RELEVANTE SOBRE PROTECCI\u00d3N DE DATOS PERSONALES CONCERNIENTE AL RESPONSABLE DE TRATAMIENTO<\/strong><\/p><p> <\/p><p>SISTEMA DE TRATAMIENTO Automatizado<\/p><p>RESPONSABLE Javier Gac\u00edas Pedros<\/p><p>CONTACTO simbiose.info@gmail.com<\/p><p>FINALIDAD Gesti\u00f3n de datos de los usuarios que contactan con nosotros; realizaci\u00f3n de gestiones administrativas, contrataci\u00f3n de servicios, elaboraci\u00f3n de presupuestos.<\/p><p>CONSERVACI\u00d3N Durante la relaci\u00f3n mercantil y mientras que el usuario o suscriptor no ejerzan el derecho de Supresi\u00f3n o Cancelaci\u00f3n, salvo obligaci\u00f3n legal.<\/p><p>LEGITIMACI\u00d3N Base jur\u00eddica del Tratamiento:<\/p><ul><li>Ejecuci\u00f3n de un precontrato<\/li><li>Consentimiento del interesado<\/li><li>Inter\u00e9s leg\u00edtimo por parte del interesado mediante comunicaci\u00f3n gratuita, aportando copia de DNI o identificaci\u00f3n personal<\/li><li>Obligaci\u00f3n de facilitar los datos que se tratan al propio interesado a petici\u00f3n de este<\/li><\/ul><p>DESTINATARIOS No se ceder\u00e1n los datos en ning\u00fan caso sin consentimiento previo del interesado. No se prev\u00e9n cesiones o transferencias a terceros pa\u00edses. No se ceder\u00e1n datos a terceros (sin destinatarios de cesi\u00f3n), salvo obligaci\u00f3n legal. Garant\u00edas aplicables:<\/p><ul><li>copias de seguridad en dispositivos inform\u00e1ticos<\/li><li>medidas de seguridad en archivos f\u00edsicos<\/li><li>compromiso total del Responsable y de su personal y\/o colaborador\/es con acceso a datos<\/li><\/ul><p>DERECHOS<\/p><ul><li>solicitar el acceso a los datos personales<\/li><li>solicitar su rectificaci\u00f3n<\/li><li>solicitar la limitaci\u00f3n de su tratamiento<\/li><li>solicitar su supresi\u00f3n<\/li><li>oponerse al tratamiento<\/li><li>portabilidad de los datos<\/li><li>derecho al olvido<\/li><li>derecho a retirar el consentimiento prestado<\/li><li>derecho a reclamar ante la AGPD<br><br><\/li><\/ul><p>Podr\u00e1 ejercer estos derechos solicit\u00e1ndolo por escrito mediante comunicaci\u00f3n con el Responsable de Tratamiento de forma gratuita aportando copia de DNI o identificaci\u00f3n personal. El Responsable de Tratamiento ha adoptado todas las medidas t\u00e9cnicas y de organizaci\u00f3n necesarias para garantizar la seguridad e integridad de los datos de car\u00e1cter personal que trate, as\u00ed como para evitar su p\u00e9rdida, alteraci\u00f3n y\/o acceso por parte de terceros no autorizados.<\/p><p>PROCEDENCIA El propio interesado: informaci\u00f3n suministrada por el propio interesado y que se adec\u00faa al servicio solicitado por \u00e9l.<\/p><p> <\/p>\t\t\t\t\t\t\t\t<\/div>\n\t\t\t\t<\/div>\n\t\t\t\t\t<\/div>\n\t\t<\/div>\n\t\t\t\t\t<\/div>\n\t\t<\/section>\n\t\t\t\t<\/div>\n\t\t","protected":false},"excerpt":{"rendered":"<p>1 . Aviso Legal INFORMACI\u00d3N DEL TITULAR Nombre Comercial: SIMBIOSE PROXECTOS S.L. CIF: B16360455 Domicilio: As Neves, Pontevedra Tel\u00e9fono: 646076287 Email: simbiose.info@gmail.com CONDICIONES DE USO Javier Gac\u00edas Pedros, responsable del sitio web, pone a disposici\u00f3n de los usuarios el presente documento con el que pretende dar cumplimiento a las obligaciones dispuestas en la Ley 34\/2002, [&hellip;]<\/p>\n","protected":false},"author":2,"featured_media":0,"parent":0,"menu_order":0,"comment_status":"closed","ping_status":"closed","template":"","meta":{"footnotes":""},"class_list":["post-1973","page","type-page","status-publish","hentry"],"_links":{"self":[{"href":"https:\/\/www.simbioseproxectos.gal\/es\/wp-json\/wp\/v2\/pages\/1973","targetHints":{"allow":["GET"]}}],"collection":[{"href":"https:\/\/www.simbioseproxectos.gal\/es\/wp-json\/wp\/v2\/pages"}],"about":[{"href":"https:\/\/www.simbioseproxectos.gal\/es\/wp-json\/wp\/v2\/types\/page"}],"author":[{"embeddable":true,"href":"https:\/\/www.simbioseproxectos.gal\/es\/wp-json\/wp\/v2\/users\/2"}],"replies":[{"embeddable":true,"href":"https:\/\/www.simbioseproxectos.gal\/es\/wp-json\/wp\/v2\/comments?post=1973"}],"version-history":[{"count":3,"href":"https:\/\/www.simbioseproxectos.gal\/es\/wp-json\/wp\/v2\/pages\/1973\/revisions"}],"predecessor-version":[{"id":2367,"href":"https:\/\/www.simbioseproxectos.gal\/es\/wp-json\/wp\/v2\/pages\/1973\/revisions\/2367"}],"wp:attachment":[{"href":"https:\/\/www.simbioseproxectos.gal\/es\/wp-json\/wp\/v2\/media?parent=1973"}],"curies":[{"name":"wp","href":"https:\/\/api.w.org\/{rel}","templated":true}]}}

Aviso legal y política de privacidad

<div data-elementor-type="wp-page" data-elementor-id="1973" class="elementor elementor-1973 elementor-1959" data-elementor-post-type="page">
						<section class="elementor-section elementor-top-section elementor-element elementor-element-d76c20c elementor-section-full_width elementor-section-height-min-height elementor-section-height-default elementor-section-items-middle" data-id="d76c20c" data-element_type="section" data-e-type="section">
							<div class="elementor-background-overlay"></div>
							<div class="elementor-container elementor-column-gap-default">
					<div class="elementor-column elementor-col-100 elementor-top-column elementor-element elementor-element-84f8978" data-id="84f8978" data-element_type="column" data-e-type="column">
			<div class="elementor-widget-wrap">
							</div>
		</div>
					</div>
		</section>
				<section class="elementor-section elementor-top-section elementor-element elementor-element-ed87721 elementor-section-boxed elementor-section-height-default elementor-section-height-default" data-id="ed87721" data-element_type="section" data-e-type="section">
						<div class="elementor-container elementor-column-gap-default">
					<div class="elementor-column elementor-col-100 elementor-top-column elementor-element elementor-element-eb7b03c" data-id="eb7b03c" data-element_type="column" data-e-type="column">
			<div class="elementor-widget-wrap elementor-element-populated">
						<div class="elementor-element elementor-element-0579d8c elementor-widget elementor-widget-text-editor" data-id="0579d8c" data-element_type="widget" data-e-type="widget" data-widget_type="text-editor.default">
				<div class="elementor-widget-container">
									<p> </p><p><strong>1 . Aviso Legal</strong></p><p> </p><p><strong>INFORMACIÓN DEL TITULAR</strong></p><p> </p><ul><li style="list-style-type: none;"><ul><li>Nombre Comercial: SIMBIOSE PROXECTOS S.L.</li><li>CIF: B16360455</li><li>Domicilio: As Neves, Pontevedra</li><li>Teléfono: 646076287</li><li>Email: simbiose.info@gmail.com</li></ul></li></ul><p><br><br></p><p><strong>CONDICIONES DE USO</strong></p><p>Javier Gacías Pedros, responsable del sitio web, pone a disposición de los usuarios el presente documento con el que pretende dar cumplimiento a las obligaciones dispuestas en la Ley 34/2002, de Servicios de la Sociedad de la Información y del Comercio Electrónico (LSSI-CE), así como informar a todos los usuarios del sitio web respecto a cuáles son las condiciones de uso del sitio web.</p><p>Toda persona que acceda a este sitio web asume el papel de usuario, comprometiéndose a la observancia y cumplimiento riguroso de las disposiciones aquí incluidas, así como a cualquier otra disposición legal que fuera de aplicación.</p><p>El usuario se compromete a hacer un uso adecuado de los contenidos y servicios que se ofrecen en el sitio web, y con carácter informativo pero no limitativo, a no emplearlos para: i)Incurrir en actividades ilícitas, ilegales o contrarias al orden público, ii) difundir contenidos de carácter racista, xenófobo, pornográfico, de apología del terrorismo o atentatorio contra los derechos humanos, iii) provocar daños físicos o lógicos en el sitio web, el de sus proveedores, o de terceras personas, iv)intentar acceder y en su caso, manipular, a cuentas de correo o zonas de administración sin autorización expresa.</p><p>Queda expresamente prohibida la reproducción, distribución y comunicación pública, de forma total o parcial, de los contenidos de este sitio web, sin autorización expresa del titular.</p><p>El titular se reserva el derecho a modificar cualquier tipo de información que pudiera aparecer en el sitio web, sin que exista obligación de preavisar o poner en conocimiento de los usuarios dichas obligaciones, entendiéndose como suficiente con la publicación en el sitio web del titular.</p><p>Las condiciones de uso del sitio, así como lo contenido en el aviso legal, se rigen conforme a la legislación española. El usuario se somete a la resolución de cualquier litigio ante los Juzgados y Tribunales de Lugo.</p><p> </p><p><strong>LIMITACIONES DE RESPONSABILIDAD</strong></p><p>El titular no se hace responsable del contenido de los sitios correspondientes a los enlaces externos incluidos en el sitio web.</p><p>El titular no se hace responsable ante la posible caída del servidor, virus, o cualquier tipo de mal funcionamiento del sitio por causas ajenas al titular.</p><p>El titular no se hace responsable del uso fraudulento que puedan hacer terceras personas de los contenidos o elementos tecnológicos dispuestos en el sitio web.</p><p> </p><ol start="2"><li><strong> Política de privacidad</strong></li></ol><p>De conformidad con la normativa vigente en cuanto a Protección de Datos Personales, Javier Gacías Pedros únicamente registra aquellos datos personales que hayan sido libremente facilitados por el usuario, incorporándolos a su base de datos con la finalidad de contestar a la consulta y/o prestar el servicio solicitado por el propio usuario, como la petición de un presupuesto. Cualquier usuario, al objeto de poder realizar pedidos de bienes o servicios o solicitar un trabajo o presupuesto, puede optar por registrarse y proporcionarnos sus datos personales. En el supuesto que un usuario introduzca sus datos personales, estos únicamente serán tratados para el fin para el que hayan sido proporcionados, de acuerdo con las exigencias de la legislación española sobre Protección de Datos vigente en cada momento. En cualquier momento, el usuario podrá ejercitar sus derechos (Acceso, Rectificación, Supresión / derecho al olvido, Limitación del tratamiento, Portabilidad de datos, y Oposición) enviando una solicitud escrita y firmada, en la que se incluya su nombre, apellidos y copia de D.N.I., con las instrucciones precisas a tal efecto. En este caso se tomarán todas aquellas medidas que sean necesarias para asegurar que esta solicitud sea tramitada inmediatamente. Si usted tiene dudas sobre alguna de estas condiciones o bien quiere ejercitar sus derechos, puede ponerse en contacto con nosotros en nuestra dirección postal. Sus datos en ningún caso serán cedidos a terceros sin su consentimiento previo. El plazo de conservación de sus datos en nuestros ficheros será hasta que finalice nuestra relación contractual o ejercite sus derechos, excepto en el caso de conservación por obligación legal.</p><p> </p><p><strong>INFORMACIÓN BÁSICA Y RELEVANTE SOBRE PROTECCIÓN DE DATOS PERSONALES CONCERNIENTE AL RESPONSABLE DE TRATAMIENTO</strong></p><p> </p><p>SISTEMA DE TRATAMIENTO Automatizado</p><p>RESPONSABLE Javier Gacías Pedros</p><p>CONTACTO simbiose.info@gmail.com</p><p>FINALIDAD Gestión de datos de los usuarios que contactan con nosotros; realización de gestiones administrativas, contratación de servicios, elaboración de presupuestos.</p><p>CONSERVACIÓN Durante la relación mercantil y mientras que el usuario o suscriptor no ejerzan el derecho de Supresión o Cancelación, salvo obligación legal.</p><p>LEGITIMACIÓN Base jurídica del Tratamiento:</p><ul><li>Ejecución de un precontrato</li><li>Consentimiento del interesado</li><li>Interés legítimo por parte del interesado mediante comunicación gratuita, aportando copia de DNI o identificación personal</li><li>Obligación de facilitar los datos que se tratan al propio interesado a petición de este</li></ul><p>DESTINATARIOS No se cederán los datos en ningún caso sin consentimiento previo del interesado. No se prevén cesiones o transferencias a terceros países. No se cederán datos a terceros (sin destinatarios de cesión), salvo obligación legal. Garantías aplicables:</p><ul><li>copias de seguridad en dispositivos informáticos</li><li>medidas de seguridad en archivos físicos</li><li>compromiso total del Responsable y de su personal y/o colaborador/es con acceso a datos</li></ul><p>DERECHOS</p><ul><li>solicitar el acceso a los datos personales</li><li>solicitar su rectificación</li><li>solicitar la limitación de su tratamiento</li><li>solicitar su supresión</li><li>oponerse al tratamiento</li><li>portabilidad de los datos</li><li>derecho al olvido</li><li>derecho a retirar el consentimiento prestado</li><li>derecho a reclamar ante la AGPD<br><br></li></ul><p>Podrá ejercer estos derechos solicitándolo por escrito mediante comunicación con el Responsable de Tratamiento de forma gratuita aportando copia de DNI o identificación personal. El Responsable de Tratamiento ha adoptado todas las medidas técnicas y de organización necesarias para garantizar la seguridad e integridad de los datos de carácter personal que trate, así como para evitar su pérdida, alteración y/o acceso por parte de terceros no autorizados.</p><p>PROCEDENCIA El propio interesado: información suministrada por el propio interesado y que se adecúa al servicio solicitado por él.</p><p> </p>								</div>
				</div>
					</div>
		</div>
					</div>
		</section>
				</div>

<p>1 . Aviso Legal INFORMACIÓN DEL TITULAR Nombre Comercial: SIMBIOSE PROXECTOS S.L. CIF: B16360455 Domicilio: As Neves, Pontevedra Teléfono: 646076287 Email: simbiose.info@gmail.com CONDICIONES DE USO Javier Gacías Pedros, responsable del sitio web, pone a disposición de los usuarios el presente documento con el que pretende dar cumplimiento a las obligaciones dispuestas en la Ley 34/2002, [&hellip;]</p>
